{"id":1021,"date":"2019-09-03T12:12:04","date_gmt":"2019-09-03T10:12:04","guid":{"rendered":"https:\/\/glasseele.kbwbrands.de\/metall\/?page_id=1021"},"modified":"2020-01-22T11:49:11","modified_gmt":"2020-01-22T10:49:11","slug":"initiativbewerbung","status":"publish","type":"page","link":"https:\/\/glas-seele.hennemann-webdesign.de\/metall\/karriere\/initiativbewerbung\/","title":{"rendered":"Initiativbewerbung"},"content":{"rendered":"\n\t\t<div id=\"fws_69e789f331264\"  data-column-margin=\"default\" data-midnight=\"dark\"  class=\"wpb_row vc_row-fluid vc_row\"  style=\"padding-top: 90px; padding-bottom: 40px; \"><div class=\"row-bg-wrap\" data-bg-animation=\"none\" data-bg-animation-delay=\"\" data-bg-overlay=\"false\"><div class=\"inner-wrap row-bg-layer\" ><div class=\"row-bg viewport-desktop\"  style=\"\"><\/div><\/div><\/div><div class=\"row_col_wrap_12 col span_12 dark left\">\n\t<div  class=\"vc_col-sm-6 wpb_column column_container vc_column_container col no-extra-padding\"  data-padding-pos=\"all\" data-has-bg-color=\"false\" data-bg-color=\"\" data-bg-opacity=\"1\" data-animation=\"\" data-delay=\"0\" >\n\t\t<div class=\"vc_column-inner\" >\n\t\t\t<div class=\"wpb_wrapper\">\n\t\t\t\t\n<div class=\"wpb_text_column wpb_content_element \" >\n\t<div class=\"wpb_wrapper\">\n\t\t<h1>INITIATIVBEWERBUNG<\/h1>\n<h2>Karrierechancen nutzen<\/h2>\n\t<\/div>\n<\/div>\n\n\n\n\n\t\t\t<\/div> \n\t\t<\/div>\n\t<\/div> \n\n\t<div  class=\"vc_col-sm-6 wpb_column column_container vc_column_container col no-extra-padding\"  data-padding-pos=\"all\" data-has-bg-color=\"false\" data-bg-color=\"\" data-bg-opacity=\"1\" data-animation=\"\" data-delay=\"0\" >\n\t\t<div class=\"vc_column-inner\" >\n\t\t\t<div class=\"wpb_wrapper\">\n\t\t\t\t\n\t\t\t<\/div> \n\t\t<\/div>\n\t<\/div> \n<\/div><\/div>\n\t\t<div id=\"fws_69e789f333696\"  data-column-margin=\"default\" data-midnight=\"dark\"  class=\"wpb_row vc_row-fluid vc_row\"  style=\"padding-top: 0px; padding-bottom: 90px; \"><div class=\"row-bg-wrap\" data-bg-animation=\"none\" data-bg-animation-delay=\"\" data-bg-overlay=\"false\"><div class=\"inner-wrap row-bg-layer\" ><div class=\"row-bg viewport-desktop\"  style=\"\"><\/div><\/div><\/div><div class=\"row_col_wrap_12 col span_12 dark left\">\n\t<div  class=\"vc_col-sm-5 abstand_nach_60 wpb_column column_container vc_column_container col no-extra-padding\"  data-padding-pos=\"all\" data-has-bg-color=\"false\" data-bg-color=\"\" data-bg-opacity=\"1\" data-animation=\"\" data-delay=\"0\" >\n\t\t<div class=\"vc_column-inner\" >\n\t\t\t<div class=\"wpb_wrapper\">\n\t\t\t\t\n<div class=\"wpb_text_column wpb_content_element \" >\n\t<div class=\"wpb_wrapper\">\n\t\t<p>glas seele ist immer auf der Suche nach Pers\u00f6nlichkeiten, mit denen wir die W\u00fcnsche unserer Kunden noch besser zufriedenstellen k\u00f6nnen.<\/p>\n<p>Sie interessieren sich f\u00fcr einen Ausbildungsplatz oder haben bereits Erfahrung im glas- und metallverarbeitenden Sektor?<\/p>\n<p>Dann freuen wir uns auf Ihre aussagekr\u00e4ftigen Bewerbungsunterlagen!<\/p>\n\t<\/div>\n<\/div>\n\n\n\n<div class=\"divider-wrap\" data-alignment=\"default\"><div style=\"height: 60px;\" class=\"divider\"><\/div><\/div><div id=\"fws_69e789f33ddeb\" data-midnight=\"\" data-column-margin=\"default\" class=\"wpb_row vc_row-fluid vc_row inner_row\"  style=\"\"><div class=\"row-bg-wrap\"> <div class=\"row-bg\" ><\/div> <\/div><div class=\"row_col_wrap_12_inner col span_12  left\">\n\t<div  class=\"vc_col-sm-6 wpb_column column_container vc_column_container col child_column no-extra-padding\"   data-padding-pos=\"all\" data-has-bg-color=\"false\" data-bg-color=\"\" data-bg-opacity=\"1\" data-animation=\"\" data-delay=\"0\" >\n\t\t<div class=\"vc_column-inner\" >\n\t\t<div class=\"wpb_wrapper\">\n\t\t\t<a class=\"nectar-button medium regular accent-color  wpb_animate_when_almost_visible wpb_bounce bounce regular-button\"  role=\"button\" style=\"color: #ffffff; background-color: #5992a4;\"  href=\"https:\/\/glas-seele.hennemann-webdesign.de\/metall\/karriere\/online-bewerbung\/\" data-color-override=\"#5992a4\" data-hover-color-override=\"false\" data-hover-text-color-override=\"#fff\"><span>Online-Bewerbung<\/span><\/a>\n\t\t<\/div> \n\t<\/div>\n\t<\/div> \n\n\t<div  class=\"vc_col-sm-6 wpb_column column_container vc_column_container col child_column no-extra-padding\"   data-padding-pos=\"all\" data-has-bg-color=\"false\" data-bg-color=\"\" data-bg-opacity=\"1\" data-animation=\"\" data-delay=\"0\" >\n\t\t<div class=\"vc_column-inner\" >\n\t\t<div class=\"wpb_wrapper\">\n\t\t\t<a class=\"nectar-button medium regular accent-color  wpb_animate_when_almost_visible wpb_bounce bounce regular-button\"  role=\"button\" style=\"color: #ffffff; background-color: #5992a4;\"  href=\"m&#97;&#105;&#x6c;&#x74;&#x6f;:&#98;&#101;&#x77;&#x65;&#x72;bu&#110;&#x67;&#x40;&#x67;la&#115;&#45;&#x73;&#x65;&#x65;l&#101;&#46;&#x64;&#x65;\" data-color-override=\"#5992a4\" data-hover-color-override=\"false\" data-hover-text-color-override=\"#fff\"><span>E-Mail-Bewerbung<\/span><\/a>\n\t\t<\/div> \n\t<\/div>\n\t<\/div> \n<\/div><\/div>\n\t\t\t<\/div> \n\t\t<\/div>\n\t<\/div> \n\n\t<div  class=\"vc_col-sm-1 wpb_column column_container vc_column_container col no-extra-padding\"  data-padding-pos=\"all\" data-has-bg-color=\"false\" data-bg-color=\"\" data-bg-opacity=\"1\" data-animation=\"\" data-delay=\"0\" >\n\t\t<div class=\"vc_column-inner\" >\n\t\t\t<div class=\"wpb_wrapper\">\n\t\t\t\t\n\t\t\t<\/div> \n\t\t<\/div>\n\t<\/div> \n\n\t<div  class=\"vc_col-sm-6 wpb_column column_container vc_column_container col no-extra-padding\"  data-padding-pos=\"all\" data-has-bg-color=\"false\" data-bg-color=\"\" data-bg-opacity=\"1\" data-animation=\"\" data-delay=\"0\" >\n\t\t<div class=\"vc_column-inner\" >\n\t\t\t<div class=\"wpb_wrapper\">\n\t\t\t\t<div id=\"fws_69e789f34291a\" data-midnight=\"\" data-column-margin=\"default\" class=\"wpb_row vc_row-fluid vc_row inner_row vc_row-o-equal-height vc_row-flex vc_row-o-content-middle vc_custom_1571987654899 blue\"  style=\"\"><div class=\"row-bg-wrap\"> <div class=\"row-bg\" ><\/div> <\/div><div class=\"row_col_wrap_12_inner col span_12  left\">\n\t<div  class=\"vc_col-sm-5 wpb_column column_container vc_column_container col child_column padding-3-percent\"   data-padding-pos=\"all\" data-has-bg-color=\"false\" data-bg-color=\"\" data-bg-opacity=\"1\" data-animation=\"\" data-delay=\"0\" >\n\t\t<div class=\"vc_column-inner\" >\n\t\t<div class=\"wpb_wrapper\">\n\t\t\t<div class=\"img-with-aniamtion-wrap \" data-max-width=\"100%\" data-max-width-mobile=\"100%\" data-shadow=\"none\" data-animation=\"fade-in\" >\n      <div class=\"inner\">\n        <div class=\"hover-wrap\"> \n          <div class=\"hover-wrap-inner\">\n            <img loading=\"lazy\" decoding=\"async\" class=\"img-with-animation skip-lazy \" data-delay=\"0\" height=\"765\" width=\"765\" data-animation=\"fade-in\" src=\"https:\/\/glas-seele.hennemann-webdesign.de\/metall\/wp-content\/uploads\/sites\/2\/2019\/10\/glas_seele-team-29m-quad.jpg\" alt=\"Foto der Personalreferentin von glas seele\" srcset=\"https:\/\/glas-seele.hennemann-webdesign.de\/metall\/wp-content\/uploads\/sites\/2\/2019\/10\/glas_seele-team-29m-quad.jpg 765w, https:\/\/glas-seele.hennemann-webdesign.de\/metall\/wp-content\/uploads\/sites\/2\/2019\/10\/glas_seele-team-29m-quad-150x150.jpg 150w, https:\/\/glas-seele.hennemann-webdesign.de\/metall\/wp-content\/uploads\/sites\/2\/2019\/10\/glas_seele-team-29m-quad-300x300.jpg 300w, https:\/\/glas-seele.hennemann-webdesign.de\/metall\/wp-content\/uploads\/sites\/2\/2019\/10\/glas_seele-team-29m-quad-100x100.jpg 100w, https:\/\/glas-seele.hennemann-webdesign.de\/metall\/wp-content\/uploads\/sites\/2\/2019\/10\/glas_seele-team-29m-quad-140x140.jpg 140w, https:\/\/glas-seele.hennemann-webdesign.de\/metall\/wp-content\/uploads\/sites\/2\/2019\/10\/glas_seele-team-29m-quad-500x500.jpg 500w, https:\/\/glas-seele.hennemann-webdesign.de\/metall\/wp-content\/uploads\/sites\/2\/2019\/10\/glas_seele-team-29m-quad-350x350.jpg 350w\" sizes=\"auto, (max-width: 765px) 100vw, 765px\" \/>\n          <\/div>\n        <\/div>\n      <\/div>\n    <\/div>\n\t\t<\/div> \n\t<\/div>\n\t<\/div> \n\n\t<div  class=\"vc_col-sm-7 wpb_column column_container vc_column_container col child_column padding-3-percent\"   data-padding-pos=\"all\" data-has-bg-color=\"false\" data-bg-color=\"\" data-bg-opacity=\"1\" data-animation=\"\" data-delay=\"0\" >\n\t\t<div class=\"vc_column-inner\" >\n\t\t<div class=\"wpb_wrapper\">\n\t\t\t\n<div class=\"wpb_text_column wpb_content_element \" >\n\t<div class=\"wpb_wrapper\">\n\t\t<h4>Ihre Ansprechpartnerin<\/h4>\n<p><strong>Irmgard H\u00f6lzl<\/strong><br \/>\nPersonalreferentin<br \/>\nTelefon: <a style=\"text-decoration: none\" href=\"tel:+4982120829023\">0821_208 290-23<\/a><br \/>\nTelefax: 0821_208 290-15<br \/>\n<a href=\"&#x6d;&#x61;&#x69;&#x6c;&#x74;&#111;&#58;&#98;&#101;wer&#x62;&#x75;&#x6e;&#x67;&#x40;&#x67;&#108;&#97;&#115;-se&#x65;&#x6c;&#x65;&#x2e;&#x64;&#x65;\">&#x62;&#101;w&#x65;&#114;b&#x75;&#110;g&#x40;&#103;l&#x61;&#115;-&#x73;&#x65;e&#x6c;&#x65;&#46;&#x64;&#x65;<\/a><\/p>\n\t<\/div>\n<\/div>\n\n\n\n\n\t\t<\/div> \n\t<\/div>\n\t<\/div> \n<\/div><\/div>\n\t\t\t<\/div> \n\t\t<\/div>\n\t<\/div> \n<\/div><\/div>\n\t\t<div id=\"fws_69e789f346d75\"  data-column-margin=\"default\" data-midnight=\"custom\"  class=\"wpb_row vc_row-fluid vc_row full-width-section\"  style=\"padding-top: 90px; padding-bottom: 60px; \"><div class=\"row-bg-wrap\" data-bg-animation=\"none\" data-bg-animation-delay=\"\" data-bg-overlay=\"false\"><div class=\"inner-wrap row-bg-layer using-image\" ><div class=\"row-bg viewport-desktop using-image\"  style=\"background-image: url(https:\/\/glas-seele.hennemann-webdesign.de\/metall\/wp-content\/uploads\/sites\/2\/2019\/10\/glas_seele-glas-seele_050-hg.jpg); background-position: left top; background-repeat: no-repeat; \"><\/div><\/div><\/div><div class=\"row_col_wrap_12 col span_12 custom left\">\n\t<div  class=\"vc_col-sm-6 white wpb_column column_container vc_column_container col no-extra-padding\"  data-padding-pos=\"all\" data-has-bg-color=\"false\" data-bg-color=\"\" data-bg-opacity=\"1\" data-animation=\"\" data-delay=\"0\" >\n\t\t<div class=\"vc_column-inner\" >\n\t\t\t<div class=\"wpb_wrapper\">\n\t\t\t\t\n<div class=\"wpb_text_column wpb_content_element \" >\n\t<div class=\"wpb_wrapper\">\n\t\t<h1>Gute Gr\u00fcnde<\/h1>\n<h2>Das spricht f\u00fcr uns!<\/h2>\n\t<\/div>\n<\/div>\n\n\n\n<div class=\"divider-wrap\" data-alignment=\"default\"><div style=\"height: 60px;\" class=\"divider\"><\/div><\/div>\n\t\t\t<\/div> \n\t\t<\/div>\n\t<\/div> \n\n\t<div  class=\"vc_col-sm-6 togglepanel wpb_column column_container vc_column_container col no-extra-padding\"  data-padding-pos=\"all\" data-has-bg-color=\"false\" data-bg-color=\"\" data-bg-opacity=\"1\" data-animation=\"\" data-delay=\"0\" >\n\t\t<div class=\"vc_column-inner\" >\n\t\t\t<div class=\"wpb_wrapper\">\n\t\t\t\t<div class=\"toggles accordion\" data-br=\"\" data-starting=\"default\" data-style=\"minimal\"><div class=\"toggle extra-color-1\" data-inner-wrap=\"true\"><h3 class=\"toggle-title\"><a href=\"#\" role=\"button\" class=\"toggle-heading\"><i role=\"presentation\" class=\"fa fa-plus-circle\"><\/i>Flexibilit\u00e4t<\/a><\/h3><div><div class=\"inner-toggle-wrap\">\n<div class=\"wpb_text_column wpb_content_element \" >\n\t<div class=\"wpb_wrapper\">\n\t\t<h4>EIGENVERANTWORTLICHKEIT<\/h4>\n<p>Sie genie\u00dfen viel Handlungsspielraum zur Entfaltung Ihrer individuellen St\u00e4rken.<\/p>\n<h4>ARBEITSZEITKONTO<\/h4>\n<p>\u00dcberstunden fallen bei uns an, aber sie verfallen nicht. Und Sie haben die Wahl, wie Sie diese abbauen m\u00f6chten: als Einzelstunden oder tageweise. Oder Sie lassen sich die \u00dcberstunden mit dem n\u00e4chsten Gehalt ausbezahlen.<\/p>\n<h4>URLAUB<\/h4>\n<p>Nat\u00fcrlich steht Ihnen bei uns von Anfang an Urlaub zu \u2013 inklusive Urlaubs- und Weihnachtsgeld (bei Festanstellung). Mit l\u00e4ngerer Betriebszugeh\u00f6rigkeit steigt auch der Urlaubsanspruch. Sie ziehen um, heiraten oder bekommen Nachwuchs? Dann gibt\u2019s von uns daf\u00fcr einen zus\u00e4tzlichen freien Tag.<\/p>\n\t<\/div>\n<\/div>\n\n\n\n\n<div class=\"wpb_text_column wpb_content_element \" >\n\t<div class=\"wpb_wrapper\">\n\t\t\t<\/div>\n<\/div>\n\n\n\n<\/div><\/div><\/div><div class=\"toggle extra-color-1\" data-inner-wrap=\"true\"><h3 class=\"toggle-title\"><a href=\"#\" role=\"button\" class=\"toggle-heading\"><i role=\"presentation\" class=\"fa fa-plus-circle\"><\/i>Karriere<\/a><\/h3><div><div class=\"inner-toggle-wrap\">\n<div class=\"wpb_text_column wpb_content_element \" >\n\t<div class=\"wpb_wrapper\">\n\t\t<h4>VIELF\u00c4LTIGE EINSTIEGSM\u00d6GLICHKEITEN<\/h4>\n<p>Ob als Sch\u00fcler, Student oder ausgebildete und erfahrene Fachkraft: glas seele bietet viele M\u00f6glichkeiten f\u00fcr eine Karriere im Glas- und Metall-Bereich.<\/p>\n<h4>INDIVIDUELLE F\u00d6RDERUNG<\/h4>\n<p>Wir bieten Ihnen ein abwechslungsreiches Aufgabengebiet mit viel Raum f\u00fcr die berufliche Weiterentwicklung. J\u00e4hrliche Mitarbeitergespr\u00e4che zeigen Ihnen Ihre Perspektiven auf.<\/p>\n<h4>WEITERBILDUNG<\/h4>\n<p>Wir unterst\u00fctzen die regelm\u00e4\u00dfige Weiterbildung unserer Mitarbeiter im technischen, kaufm\u00e4nnischen und rechtlichen Bereich \u2013 und \u00fcbernehmen die Kosten f\u00fcr Schulung und Training.<\/p>\n<h4>FINANZIELLE VERG\u00dcNSTIGUNGEN<\/h4>\n<p>Bei einer unbefristeten Besch\u00e4ftigung bezahlen wir einen Zuschuss zur Metallrente, Urlaubs- und Weihnachtsgeld sowie Verm\u00f6genswirksame Leistungen.<\/p>\n\t<\/div>\n<\/div>\n\n\n\n<\/div><\/div><\/div><div class=\"toggle extra-color-1\" data-inner-wrap=\"true\"><h3 class=\"toggle-title\"><a href=\"#\" role=\"button\" class=\"toggle-heading\"><i role=\"presentation\" class=\"fa fa-plus-circle\"><\/i>Arbeitsumfeld<\/a><\/h3><div><div class=\"inner-toggle-wrap\">\n<div class=\"wpb_text_column wpb_content_element \" >\n\t<div class=\"wpb_wrapper\">\n\t\t<h4>OFFENE T\u00dcREN<\/h4>\n<p>Flache Hierarchien, Transparenz und Aufgeschlossenheit sind Teil unseres Erfolgskonzepts. Sie haben eine Idee oder ein Anliegen? Dann lassen Sie uns dar\u00fcber reden.<\/p>\n<h4>ARBEITSPL\u00c4TZE<\/h4>\n<p>Sowohl in den B\u00fcros als auch in der Fertigung sorgen helle, offene R\u00e4ume f\u00fcr eine angenehme Arbeitsatmosph\u00e4re. Zur Entspannung zwischendurch stehen Kicker und Tischtennis bereit.<\/p>\n<h4>FRISCHE KR\u00c4FTE TANKEN<\/h4>\n<p>Sie brauchen einen Energieschub? Koffein und Vitamine gibt\u2019s bei uns gratis! Mit verschiedenen Hei\u00dfgetr\u00e4nken und frischem Obst f\u00fcllen Sie Ihre Batterien wieder auf.<\/p>\n<h4>HOMEOFFICE<\/h4>\n<p>Ihr Kind ist krank oder ein Handwerkertermin steht an? Dann k\u00f6nnen unsere B\u00fcroangestellten auch mal von zu Hause aus arbeiten.<\/p>\n<h4>ZUSAMMENHALT<\/h4>\n<p>Tolle kreative Leistungen und Innovationen entstehen dann, wenn im Team \u201edie Chemie stimmt\u201c. Bei glas seele ziehen alle an einem Strang. Jeder ist f\u00fcr den anderen da.<\/p>\n<h4>GEMEINSAMES ERLEBEN<\/h4>\n<p>Neben der Arbeit d\u00fcrfen auch Geselligkeit und Spa\u00df nicht zu kurz kommen: Gemeinsame Aktivit\u00e4ten inspirieren und schwei\u00dfen unsere Teams zusammen \u2013 sei es bei Ausfl\u00fcgen, bei kulinarischen Gen\u00fcssen oder beim Sport.<\/p>\n\t<\/div>\n<\/div>\n\n\n\n<\/div><\/div><\/div><\/div>\n\n\n\n\n\n\n\n\n\n\n\n\n\n\n\n\n\n\n\n\n\t\t\t<\/div> \n\t\t<\/div>\n\t<\/div> \n<\/div><\/div>\n","protected":false},"excerpt":{"rendered":"INITIATIVBEWERBUNG Karrierechancen nutzen glas seele ist immer auf der Suche nach Pers\u00f6nlichkeiten, mit denen wir die W\u00fcnsche unserer Kunden noch besser zufriedenstellen k\u00f6nnen. Sie interessieren sich f\u00fcr einen Ausbildungsplatz oder...","protected":false},"author":1,"featured_media":0,"parent":463,"menu_order":0,"comment_status":"closed","ping_status":"closed","template":"","meta":{"footnotes":""},"class_list":["post-1021","page","type-page","status-publish"],"publishpress_future_action":{"enabled":false,"date":"2026-04-28 16:30:11","action":"change-status","newStatus":"draft","terms":[],"taxonomy":""},"publishpress_future_workflow_manual_trigger":{"enabledWorkflows":[]},"_links":{"self":[{"href":"https:\/\/glas-seele.hennemann-webdesign.de\/metall\/wp-json\/wp\/v2\/pages\/1021","targetHints":{"allow":["GET"]}}],"collection":[{"href":"https:\/\/glas-seele.hennemann-webdesign.de\/metall\/wp-json\/wp\/v2\/pages"}],"about":[{"href":"https:\/\/glas-seele.hennemann-webdesign.de\/metall\/wp-json\/wp\/v2\/types\/page"}],"author":[{"embeddable":true,"href":"https:\/\/glas-seele.hennemann-webdesign.de\/metall\/wp-json\/wp\/v2\/users\/1"}],"replies":[{"embeddable":true,"href":"https:\/\/glas-seele.hennemann-webdesign.de\/metall\/wp-json\/wp\/v2\/comments?post=1021"}],"version-history":[{"count":40,"href":"https:\/\/glas-seele.hennemann-webdesign.de\/metall\/wp-json\/wp\/v2\/pages\/1021\/revisions"}],"predecessor-version":[{"id":1973,"href":"https:\/\/glas-seele.hennemann-webdesign.de\/metall\/wp-json\/wp\/v2\/pages\/1021\/revisions\/1973"}],"up":[{"embeddable":true,"href":"https:\/\/glas-seele.hennemann-webdesign.de\/metall\/wp-json\/wp\/v2\/pages\/463"}],"wp:attachment":[{"href":"https:\/\/glas-seele.hennemann-webdesign.de\/metall\/wp-json\/wp\/v2\/media?parent=1021"}],"curies":[{"name":"wp","href":"https:\/\/api.w.org\/{rel}","templated":true}]}}