{"id":607,"date":"2019-05-23T12:17:08","date_gmt":"2019-05-23T10:17:08","guid":{"rendered":"https:\/\/glasseele.kbwbrands.de\/metall\/?page_id=607"},"modified":"2025-04-16T11:56:02","modified_gmt":"2025-04-16T09:56:02","slug":"festanstellung","status":"publish","type":"page","link":"https:\/\/glas-seele.hennemann-webdesign.de\/metall\/karriere\/festanstellung\/","title":{"rendered":"Festanstellung"},"content":{"rendered":"\n\t\t<div id=\"fws_69e774d41f966\"  data-column-margin=\"default\" data-midnight=\"dark\"  class=\"wpb_row vc_row-fluid vc_row\"  style=\"padding-top: 90px; padding-bottom: 90px; \"><div class=\"row-bg-wrap\" data-bg-animation=\"none\" data-bg-animation-delay=\"\" data-bg-overlay=\"false\"><div class=\"inner-wrap row-bg-layer\" ><div class=\"row-bg viewport-desktop\"  style=\"\"><\/div><\/div><\/div><div class=\"row_col_wrap_12 col span_12 dark left\">\n\t<div  class=\"vc_col-sm-6 abstand_nach_60 wpb_column column_container vc_column_container col no-extra-padding inherit_tablet inherit_phone \"  data-padding-pos=\"all\" data-has-bg-color=\"false\" data-bg-color=\"\" data-bg-opacity=\"1\" data-animation=\"\" data-delay=\"0\" >\n\t\t<div class=\"vc_column-inner\" >\n\t\t\t<div class=\"wpb_wrapper\">\n\t\t\t\t\n<div class=\"wpb_text_column wpb_content_element \" >\n\t<div class=\"wpb_wrapper\">\n\t\t<h1>Festanstellung<\/h1>\n<h2>Offene Stellen<\/h2>\n<p>Sie haben Ihre Ausbildung erfolgreich abgeschlossen und suchen eine Stelle, bei der Sie Ihre St\u00e4rken voll entfalten k\u00f6nnen?<\/p>\n<p>glas seele bietet spannende Aufgaben sowie ein angenehmes Arbeitsumfeld mit besonderen Vorteilen und vielf\u00e4ltigen Karriere-Perspektiven!<\/p>\n<p>Sie interessieren sich f\u00fcr eine unserer ausgeschriebenen Stellen und m\u00f6chten mehr dar\u00fcber erfahren? Dann beantwortet unser Personalteam gerne Ihre Fragen.<\/p>\n\t<\/div>\n<\/div>\n\n\n\n<div class=\"divider-wrap\" data-alignment=\"default\"><div style=\"height: 80px;\" class=\"divider\"><\/div><\/div><div id=\"fws_69e774d4297c6\" data-midnight=\"\" data-column-margin=\"default\" class=\"wpb_row vc_row-fluid vc_row inner_row vc_row-o-equal-height vc_row-flex vc_row-o-content-middle vc_custom_1575989338134 blue\"  style=\"\"><div class=\"row-bg-wrap\"> <div class=\"row-bg\" ><\/div> <\/div><div class=\"row_col_wrap_12_inner col span_12  left\">\n\t<div  class=\"vc_col-sm-5 wpb_column column_container vc_column_container col child_column padding-3-percent inherit_tablet inherit_phone \"   data-padding-pos=\"all\" data-has-bg-color=\"false\" data-bg-color=\"\" data-bg-opacity=\"1\" data-animation=\"\" data-delay=\"0\" >\n\t\t<div class=\"vc_column-inner\" >\n\t\t<div class=\"wpb_wrapper\">\n\t\t\t<div class=\"img-with-aniamtion-wrap \" data-max-width=\"100%\" data-max-width-mobile=\"default\" data-shadow=\"none\" data-animation=\"fade-in\" >\n      <div class=\"inner\">\n        <div class=\"hover-wrap\"> \n          <div class=\"hover-wrap-inner\">\n            <img loading=\"lazy\" decoding=\"async\" class=\"img-with-animation skip-lazy \" data-delay=\"0\" height=\"765\" width=\"765\" data-animation=\"fade-in\" src=\"https:\/\/glas-seele.hennemann-webdesign.de\/metall\/wp-content\/uploads\/sites\/2\/2019\/10\/glas_seele-team-29m-quad.jpg\" alt=\"Foto der Personalreferentin von glas seele\" srcset=\"https:\/\/glas-seele.hennemann-webdesign.de\/metall\/wp-content\/uploads\/sites\/2\/2019\/10\/glas_seele-team-29m-quad.jpg 765w, https:\/\/glas-seele.hennemann-webdesign.de\/metall\/wp-content\/uploads\/sites\/2\/2019\/10\/glas_seele-team-29m-quad-150x150.jpg 150w, https:\/\/glas-seele.hennemann-webdesign.de\/metall\/wp-content\/uploads\/sites\/2\/2019\/10\/glas_seele-team-29m-quad-300x300.jpg 300w, https:\/\/glas-seele.hennemann-webdesign.de\/metall\/wp-content\/uploads\/sites\/2\/2019\/10\/glas_seele-team-29m-quad-100x100.jpg 100w, https:\/\/glas-seele.hennemann-webdesign.de\/metall\/wp-content\/uploads\/sites\/2\/2019\/10\/glas_seele-team-29m-quad-140x140.jpg 140w, https:\/\/glas-seele.hennemann-webdesign.de\/metall\/wp-content\/uploads\/sites\/2\/2019\/10\/glas_seele-team-29m-quad-500x500.jpg 500w, https:\/\/glas-seele.hennemann-webdesign.de\/metall\/wp-content\/uploads\/sites\/2\/2019\/10\/glas_seele-team-29m-quad-350x350.jpg 350w\" sizes=\"auto, (max-width: 765px) 100vw, 765px\" \/>\n          <\/div>\n        <\/div>\n      <\/div>\n    <\/div>\n\t\t<\/div> \n\t<\/div>\n\t<\/div> \n\n\t<div  class=\"vc_col-sm-7 wpb_column column_container vc_column_container col child_column padding-3-percent inherit_tablet inherit_phone \"   data-padding-pos=\"all\" data-has-bg-color=\"false\" data-bg-color=\"\" data-bg-opacity=\"1\" data-animation=\"\" data-delay=\"0\" >\n\t\t<div class=\"vc_column-inner\" >\n\t\t<div class=\"wpb_wrapper\">\n\t\t\t\n<div class=\"wpb_text_column wpb_content_element \" >\n\t<div class=\"wpb_wrapper\">\n\t\t<h4>Ihre Ansprechpartnerin<\/h4>\n<p><strong>Irmgard H\u00f6lzl<\/strong><br \/>\nPersonalreferentin<br \/>\nTelefon: <a style=\"text-decoration: none\" href=\"tel:+4982120829023\">0821_208 290-23<\/a><br \/>\nTelefax: 0821_208 290-15<br \/>\n<a href=\"ma&#105;&#108;&#116;&#x6f;&#x3a;&#x62;&#x65;&#x77;er&#98;&#117;&#110;&#x67;&#x40;&#x67;&#x6c;&#x61;s-&#115;&#101;&#101;&#x6c;&#x65;&#x2e;&#x64;&#x65;\">&#98;e&#119;e&#114;b&#x75;n&#x67;&#64;&#x67;l&#x61;s&#x2d;s&#x65;e&#x6c;e&#x2e;d&#x65;<\/a><\/p>\n\t<\/div>\n<\/div>\n\n\n\n\n\t\t<\/div> \n\t<\/div>\n\t<\/div> \n<\/div><\/div>\n\t\t\t<\/div> \n\t\t<\/div>\n\t<\/div> \n\n\t<div  class=\"vc_col-sm-6 wpb_column column_container vc_column_container col no-extra-padding inherit_tablet inherit_phone \"  data-padding-pos=\"all\" data-has-bg-color=\"false\" data-bg-color=\"\" data-bg-opacity=\"1\" data-animation=\"\" data-delay=\"0\" >\n\t\t<div class=\"vc_column-inner\" >\n\t\t\t<div class=\"wpb_wrapper\">\n\t\t\t\t\n    <div class=\"row blog-recent columns-1\" data-style=\"minimal\" data-color-scheme=\"light\" data-remove-post-date=\"1\" data-remove-post-author=\"1\" data-remove-post-comment-number=\"1\" data-remove-post-nectar-love=\"1\">\n\n      \n      <div class=\"col span_12 post-1683 post type-post status-publish format-standard category-festanstellung category-karriere\" >\n\n        \n            <a href=\"https:\/\/glas-seele.hennemann-webdesign.de\/metall\/karriere\/festanstellung\/metallbauer\/\" aria-label=\"Metallbauer f\u00fcr unsere hauseigene Fertigung\"><\/a>\n            <div class=\"post-header\">\n              <span class=\"meta\"> <span> 15. April 2025<\/span> in <a href=\"https:\/\/glas-seele.hennemann-webdesign.de\/metall\/category\/karriere\/festanstellung\/\">Festanstellung<\/a>, <a href=\"https:\/\/glas-seele.hennemann-webdesign.de\/metall\/category\/karriere\/\">Karriere<\/a> <\/span>\n              <h3 class=\"title\">Metallbauer f\u00fcr unsere hauseigene Fertigung<\/h3>\n            <\/div>\n            <div class=\"excerpt\">Festanstellung Metallbauer (m\/w\/d) F\u00fcr unser Unternehmen suchen wir Sie als Metallbauer (m\/w\/d). Ihre Ansprechpartnerin Irmgard H\u00f6lzl Personalreferentin Telefon: 0821_208 290-23 Telefax: 0821_208 290-15 &#x62;e&#x77;&#101;r&#x62;&#117;&#x6e;&#x67;&#64;&#x67;&#108;a&#x73;&#45;&#x73;&#101;e&#x6c;&#101;&#46;&#x64;&#101; Ihre Aufgaben: Herstellung von Alufassaden, Alufenstern&hellip;<\/div>            <span>Read More <i class=\"icon-button-arrow\"><\/i><\/span>\n\n          \n      <\/div><!--\/col-->\n\n      \n      <div class=\"col span_12 post-2187 post type-post status-publish format-standard category-festanstellung category-karriere\" >\n\n        \n            <a href=\"https:\/\/glas-seele.hennemann-webdesign.de\/metall\/karriere\/festanstellung\/service-monteur-fuer-fenster-und-tuersysteme-m-w-d\/\" aria-label=\"Service-Monteur f\u00fcr Fenster- und T\u00fcrsysteme \/ Elektriker\"><\/a>\n            <div class=\"post-header\">\n              <span class=\"meta\"> <span> 26. Januar 2023<\/span> in <a href=\"https:\/\/glas-seele.hennemann-webdesign.de\/metall\/category\/karriere\/festanstellung\/\">Festanstellung<\/a>, <a href=\"https:\/\/glas-seele.hennemann-webdesign.de\/metall\/category\/karriere\/\">Karriere<\/a> <\/span>\n              <h3 class=\"title\">Service-Monteur f\u00fcr Fenster- und T\u00fcrsysteme \/ Elektriker<\/h3>\n            <\/div>\n            <div class=\"excerpt\">Festanstellung Service-Monteur \/ Elektriker (m\/w\/d) mit GEZE-Sachkundenachweis F\u00fcr unser Unternehmen suchen wir Sie als Service-Monteur f\u00fcr Fenster- und T\u00fcrsysteme (m\/w\/d) mit GEZE-Sachkundenachweis zur Verst\u00e4rkung unseres Service- und Wartungsteams. Ihre Ansprechpartnerin&hellip;<\/div>            <span>Read More <i class=\"icon-button-arrow\"><\/i><\/span>\n\n          \n      <\/div><!--\/col-->\n\n      \n      <div class=\"col span_12 post-614 post type-post status-publish format-standard category-festanstellung category-karriere\" >\n\n        \n            <a href=\"https:\/\/glas-seele.hennemann-webdesign.de\/metall\/karriere\/festanstellung\/monteur\/\" aria-label=\"Monteur\"><\/a>\n            <div class=\"post-header\">\n              <span class=\"meta\"> <span> 11. Januar 2023<\/span> in <a href=\"https:\/\/glas-seele.hennemann-webdesign.de\/metall\/category\/karriere\/festanstellung\/\">Festanstellung<\/a>, <a href=\"https:\/\/glas-seele.hennemann-webdesign.de\/metall\/category\/karriere\/\">Karriere<\/a> <\/span>\n              <h3 class=\"title\">Monteur<\/h3>\n            <\/div>\n            <div class=\"excerpt\">Festanstellung Monteur (m\/w\/d) F\u00fcr unser Unternehmen suchen wir Sie als Monteur \u2013 f\u00fcr Alufassaden sowie Alu-Fenster und -T\u00fcrsysteme (m\/w\/d). Ihre Ansprechpartnerin Irmgard H\u00f6lzl Personalreferentin Telefon: 0821_208 290-23 Telefax: 0821_208 290-15&hellip;<\/div>            <span>Read More <i class=\"icon-button-arrow\"><\/i><\/span>\n\n          \n      <\/div><!--\/col-->\n\n      \n      <div class=\"col span_12 post-2044 post type-post status-publish format-standard category-festanstellung category-karriere\" >\n\n        \n            <a href=\"https:\/\/glas-seele.hennemann-webdesign.de\/metall\/karriere\/festanstellung\/teamleiter-montage-fuer-alufassaden-fenster-und-tuersysteme-m-w-d\/\" aria-label=\"Teamleiter Montage f\u00fcr Alufassaden + -Fenster und -T\u00fcrsysteme (m\/w\/d)\"><\/a>\n            <div class=\"post-header\">\n              <span class=\"meta\"> <span> 18. August 2020<\/span> in <a href=\"https:\/\/glas-seele.hennemann-webdesign.de\/metall\/category\/karriere\/festanstellung\/\">Festanstellung<\/a>, <a href=\"https:\/\/glas-seele.hennemann-webdesign.de\/metall\/category\/karriere\/\">Karriere<\/a> <\/span>\n              <h3 class=\"title\">Teamleiter Montage f\u00fcr Alufassaden + -Fenster und -T\u00fcrsysteme (m\/w\/d)<\/h3>\n            <\/div>\n            <div class=\"excerpt\">Festanstellung Teamleiter Montage f\u00fcr Alufassaden sowie Alu-Fenster und -T\u00fcrsysteme (m\/w\/d) F\u00fcr unser Unternehmen suchen wir Sie als Teamleiter Montage f\u00fcr Alufassaden sowie Alu-Fenster und -T\u00fcrsysteme (m\/w\/d). Ihre Ansprechpartnerin Irmgard H\u00f6lzl&hellip;<\/div>            <span>Read More <i class=\"icon-button-arrow\"><\/i><\/span>\n\n          \n      <\/div><!--\/col-->\n\n      \n    <\/div><!--\/blog-recent-->\n\n  \n\t\t\t<\/div> \n\t\t<\/div>\n\t<\/div> \n<\/div><\/div>\n\t\t<div id=\"fws_69e774d441fb9\"  data-column-margin=\"default\" data-midnight=\"custom\"  class=\"wpb_row vc_row-fluid vc_row full-width-section\"  style=\"padding-top: 90px; padding-bottom: 60px; \"><div class=\"row-bg-wrap\" data-bg-animation=\"none\" data-bg-animation-delay=\"\" data-bg-overlay=\"false\"><div class=\"inner-wrap row-bg-layer using-image\" ><div class=\"row-bg viewport-desktop using-image\"  style=\"background-image: url(https:\/\/glas-seele.hennemann-webdesign.de\/metall\/wp-content\/uploads\/sites\/2\/2019\/10\/glas_seele-glas-seele_050-hg.jpg); background-position: left top; background-repeat: no-repeat; \"><\/div><\/div><\/div><div class=\"row_col_wrap_12 col span_12 custom left\">\n\t<div  class=\"vc_col-sm-6 white wpb_column column_container vc_column_container col no-extra-padding inherit_tablet inherit_phone \"  data-padding-pos=\"all\" data-has-bg-color=\"false\" data-bg-color=\"\" data-bg-opacity=\"1\" data-animation=\"\" data-delay=\"0\" >\n\t\t<div class=\"vc_column-inner\" >\n\t\t\t<div class=\"wpb_wrapper\">\n\t\t\t\t\n<div class=\"wpb_text_column wpb_content_element \" >\n\t<div class=\"wpb_wrapper\">\n\t\t<h1>Gute Gr\u00fcnde<\/h1>\n<h2>Das spricht f\u00fcr uns!<\/h2>\n\t<\/div>\n<\/div>\n\n\n\n<div class=\"divider-wrap\" data-alignment=\"default\"><div style=\"height: 60px;\" class=\"divider\"><\/div><\/div>\n\t\t\t<\/div> \n\t\t<\/div>\n\t<\/div> \n\n\t<div  class=\"vc_col-sm-6 togglepanel wpb_column column_container vc_column_container col no-extra-padding inherit_tablet inherit_phone \"  data-padding-pos=\"all\" data-has-bg-color=\"false\" data-bg-color=\"\" data-bg-opacity=\"1\" data-animation=\"\" data-delay=\"0\" >\n\t\t<div class=\"vc_column-inner\" >\n\t\t\t<div class=\"wpb_wrapper\">\n\t\t\t\t<div class=\"toggles accordion\" data-br=\"\" data-starting=\"default\" data-style=\"minimal\"><div class=\"toggle extra-color-1\" data-inner-wrap=\"true\"><h3 class=\"toggle-title\"><a href=\"#\" role=\"button\" class=\"toggle-heading\"><i role=\"presentation\" class=\"fa fa-plus-circle\"><\/i>Flexibilit\u00e4t<\/a><\/h3><div><div class=\"inner-toggle-wrap\">\n<div class=\"wpb_text_column wpb_content_element \" >\n\t<div class=\"wpb_wrapper\">\n\t\t<h4>EIGENVERANTWORTLICHKEIT<\/h4>\n<p>Sie genie\u00dfen viel Handlungsspielraum zur Entfaltung Ihrer individuellen St\u00e4rken.<\/p>\n<h4>ARBEITSZEITKONTO<\/h4>\n<p>\u00dcberstunden fallen bei uns an, aber sie verfallen nicht. Und Sie haben die Wahl, wie Sie diese abbauen m\u00f6chten: als Einzelstunden oder tageweise. Oder Sie lassen sich die \u00dcberstunden mit dem n\u00e4chsten Gehalt ausbezahlen.<\/p>\n<h4>URLAUB<\/h4>\n<p>Nat\u00fcrlich stehen Ihnen bei uns von Anfang an 30 Arbeitstage Urlaub\/Kalenderjahr zu.<\/p>\n\t<\/div>\n<\/div>\n\n\n\n\n<div class=\"wpb_text_column wpb_content_element \" >\n\t<div class=\"wpb_wrapper\">\n\t\t\t<\/div>\n<\/div>\n\n\n\n<\/div><\/div><\/div><div class=\"toggle extra-color-1\" data-inner-wrap=\"true\"><h3 class=\"toggle-title\"><a href=\"#\" role=\"button\" class=\"toggle-heading\"><i role=\"presentation\" class=\"fa fa-plus-circle\"><\/i>Karriere<\/a><\/h3><div><div class=\"inner-toggle-wrap\">\n<div class=\"wpb_text_column wpb_content_element \" >\n\t<div class=\"wpb_wrapper\">\n\t\t<h4>VIELF\u00c4LTIGE EINSTIEGSM\u00d6GLICHKEITEN<\/h4>\n<p>Ob als Sch\u00fcler, Student oder ausgebildete und erfahrene Fachkraft: glas seele bietet viele M\u00f6glichkeiten f\u00fcr eine Karriere im Glas- und Metall-Bereich.<\/p>\n<h4>INDIVIDUELLE F\u00d6RDERUNG<\/h4>\n<p>Wir bieten Ihnen ein abwechslungsreiches Aufgabengebiet mit viel Raum f\u00fcr die berufliche Weiterentwicklung. J\u00e4hrliche Mitarbeitergespr\u00e4che zeigen Ihnen Ihre Perspektiven auf.<\/p>\n<h4>WEITERBILDUNG<\/h4>\n<p>Wir unterst\u00fctzen die regelm\u00e4\u00dfige Weiterbildung unserer Mitarbeiter im technischen, kaufm\u00e4nnischen und rechtlichen Bereich \u2013 und \u00fcbernehmen die Kosten f\u00fcr Schulung und Training.<\/p>\n<h4>FINANZIELLE VERG\u00dcNSTIGUNGEN<\/h4>\n<p>Bei einer unbefristeten Besch\u00e4ftigung bezahlen wir einen Zuschuss zur Metallrente, Urlaubs- und Weihnachtsgeld sowie Verm\u00f6genswirksame Leistungen.<\/p>\n\t<\/div>\n<\/div>\n\n\n\n<\/div><\/div><\/div><div class=\"toggle extra-color-1\" data-inner-wrap=\"true\"><h3 class=\"toggle-title\"><a href=\"#\" role=\"button\" class=\"toggle-heading\"><i role=\"presentation\" class=\"fa fa-plus-circle\"><\/i>Arbeitsumfeld<\/a><\/h3><div><div class=\"inner-toggle-wrap\">\n<div class=\"wpb_text_column wpb_content_element \" >\n\t<div class=\"wpb_wrapper\">\n\t\t<h4>OFFENE T\u00dcREN<\/h4>\n<p>Flache Hierarchien, Transparenz und Aufgeschlossenheit sind Teil unseres Erfolgskonzepts. Sie haben eine Idee oder ein Anliegen? Dann lassen Sie uns dar\u00fcber reden.<\/p>\n<h4>ARBEITSPL\u00c4TZE<\/h4>\n<p>Sowohl in den B\u00fcros als auch in der Fertigung sorgen helle, offene R\u00e4ume f\u00fcr eine angenehme Arbeitsatmosph\u00e4re. Zur Entspannung zwischendurch stehen Kicker und Tischtennis bereit.<\/p>\n<h4>FRISCHE KR\u00c4FTE TANKEN<\/h4>\n<p>Sie brauchen einen Energieschub? Koffein und Vitamine gibt\u2019s bei uns gratis! Mit verschiedenen Hei\u00dfgetr\u00e4nken und frischem Obst f\u00fcllen Sie Ihre Batterien wieder auf.<\/p>\n<h4>HOMEOFFICE<\/h4>\n<p>Ihr Kind ist krank oder ein Handwerkertermin steht an? Dann k\u00f6nnen unsere B\u00fcroangestellten auch mal von zu Hause aus arbeiten.<\/p>\n<h4>ZUSAMMENHALT<\/h4>\n<p>Tolle kreative Leistungen und Innovationen entstehen dann, wenn im Team \u201edie Chemie stimmt\u201c. Bei glas seele ziehen alle an einem Strang. Jeder ist f\u00fcr den anderen da.<\/p>\n<h4>GEMEINSAMES ERLEBEN<\/h4>\n<p>Neben der Arbeit d\u00fcrfen auch Geselligkeit und Spa\u00df nicht zu kurz kommen: Gemeinsame Aktivit\u00e4ten inspirieren und schwei\u00dfen unsere Teams zusammen \u2013 sei es bei Ausfl\u00fcgen, bei kulinarischen Gen\u00fcssen oder beim Sport.<\/p>\n\t<\/div>\n<\/div>\n\n\n\n<\/div><\/div><\/div><\/div>\n\n\n\n\n\n\n\n\n\n\n\n\n\n\n\n\n\n\n\n\n\t\t\t<\/div> \n\t\t<\/div>\n\t<\/div> \n<\/div><\/div>\n","protected":false},"excerpt":{"rendered":"Festanstellung Teamleiter Montage f\u00fcr Alufassaden sowie Alu-Fenster und -T\u00fcrsysteme (m\/w\/d) F\u00fcr unser Unternehmen suchen wir Sie als Teamleiter Montage f\u00fcr Alufassaden sowie Alu-Fenster und -T\u00fcrsysteme (m\/w\/d). Ihre Ansprechpartnerin Irmgard H\u00f6lzl...","protected":false},"author":1,"featured_media":0,"parent":463,"menu_order":0,"comment_status":"closed","ping_status":"closed","template":"","meta":{"footnotes":""},"class_list":["post-607","page","type-page","status-publish"],"publishpress_future_action":{"enabled":false,"date":"2026-04-28 15:00:04","action":"change-status","newStatus":"draft","terms":[],"taxonomy":""},"publishpress_future_workflow_manual_trigger":{"enabledWorkflows":[]},"_links":{"self":[{"href":"https:\/\/glas-seele.hennemann-webdesign.de\/metall\/wp-json\/wp\/v2\/pages\/607","targetHints":{"allow":["GET"]}}],"collection":[{"href":"https:\/\/glas-seele.hennemann-webdesign.de\/metall\/wp-json\/wp\/v2\/pages"}],"about":[{"href":"https:\/\/glas-seele.hennemann-webdesign.de\/metall\/wp-json\/wp\/v2\/types\/page"}],"author":[{"embeddable":true,"href":"https:\/\/glas-seele.hennemann-webdesign.de\/metall\/wp-json\/wp\/v2\/users\/1"}],"replies":[{"embeddable":true,"href":"https:\/\/glas-seele.hennemann-webdesign.de\/metall\/wp-json\/wp\/v2\/comments?post=607"}],"version-history":[{"count":90,"href":"https:\/\/glas-seele.hennemann-webdesign.de\/metall\/wp-json\/wp\/v2\/pages\/607\/revisions"}],"predecessor-version":[{"id":2536,"href":"https:\/\/glas-seele.hennemann-webdesign.de\/metall\/wp-json\/wp\/v2\/pages\/607\/revisions\/2536"}],"up":[{"embeddable":true,"href":"https:\/\/glas-seele.hennemann-webdesign.de\/metall\/wp-json\/wp\/v2\/pages\/463"}],"wp:attachment":[{"href":"https:\/\/glas-seele.hennemann-webdesign.de\/metall\/wp-json\/wp\/v2\/media?parent=607"}],"curies":[{"name":"wp","href":"https:\/\/api.w.org\/{rel}","templated":true}]}}